{"id":1510,"date":"2024-12-21T11:20:20","date_gmt":"2024-12-21T11:20:20","guid":{"rendered":"https:\/\/livingthewar.media\/support\/"},"modified":"2025-08-08T10:23:00","modified_gmt":"2025-08-08T10:23:00","slug":"support","status":"publish","type":"page","link":"https:\/\/livingthewar.media\/es\/support\/","title":{"rendered":"Soporte"},"content":{"rendered":"\n<h2 class=\"wp-block-heading\">Apoye a la comunidad de fot\u00f3grafos, periodistas, editores y dise\u00f1adores que contin\u00faan su trabajo en Ucrania durante la brutal guerra rusa<\/h2>\n\n\n\n<p>VIVIENDO LA GUERRA es un proyecto documental sin \u00e1nimo de lucro fundado en Kiev tras el comienzo de la invasi\u00f3n rusa a gran escala. Nuestro objetivo es documentar la experiencia humana de la guerra.<\/p>\n\n\n\n<p><a href=\"mailto:livingthewar@gmail.com\">Soporte<\/a><\/p>\n\n\n\n<h2 class=\"wp-block-heading\">Apoyar el trabajo sobre el pr\u00f3ximo volumen<\/h2>\n\n\n\n<p><strong>H\u00e1gase mecenas del proyecto con una donaci\u00f3n de 500 euros. <\/strong>Tu aportaci\u00f3n nos ayudar\u00e1 a completar el trabajo del cuarto volumen dedicado a los civiles que se unieron a las fuerzas de defensa tras el inicio de la agresi\u00f3n militar rusa a gran escala.<\/p>\n\n\n\n<p>Como mecenas del proyecto, recibir\u00e1 los libros y los agradecimientos:<\/p>\n\n\n\n<ul class=\"wp-block-list\">\n<li>Su nombre figurar\u00e1 en el 4\u00ba volumen.<\/li>\n\n\n\n<li>Ser\u00e1 uno de los primeros en recibir 5 ejemplares del 4\u00ba volumen.<\/li>\n\n\n\n<li>Recibir\u00e1 ejemplares de los tres primeros vol\u00famenes firmados por los autores.<\/li>\n<\/ul>\n\n\n\n<div style=\"height:80px\" aria-hidden=\"true\" class=\"wp-block-spacer\"><\/div>\n\n\n\n<figure class=\"wp-block-image size-full\"><img loading=\"lazy\" decoding=\"async\" width=\"2440\" height=\"1326\" src=\"https:\/\/livingthewar.media\/wp-content\/uploads\/2024\/12\/books-1.png\" alt=\"\" class=\"wp-image-1284\" srcset=\"https:\/\/livingthewar.media\/wp-content\/uploads\/2024\/12\/books-1.png 2440w, https:\/\/livingthewar.media\/wp-content\/uploads\/2024\/12\/books-1-300x163.png 300w, https:\/\/livingthewar.media\/wp-content\/uploads\/2024\/12\/books-1-1024x556.png 1024w, https:\/\/livingthewar.media\/wp-content\/uploads\/2024\/12\/books-1-768x417.png 768w, https:\/\/livingthewar.media\/wp-content\/uploads\/2024\/12\/books-1-1536x835.png 1536w, https:\/\/livingthewar.media\/wp-content\/uploads\/2024\/12\/books-1-2048x1113.png 2048w\" sizes=\"auto, (max-width: 2440px) 100vw, 2440px\" \/><\/figure>\n\n\n\n<p>\u201cThis superbly produced book is a living testament to the wartime experience of the Ukrainian people, now into the third year of defending their homeland. Newspaper, TV and online reports tell only so much, this book brings the human experience alive in the most powerful and memorable way. A brilliant achievement and hugely recommended.\u201d\u2028\u2014 Stephen Fry, british actor and writer about the third volume.<\/p>\n\n\n\n<p class=\"condensed\"><strong>Esta guerra tiene mucho que ver con la historia y con la mente de las personas. \u00danete a nosotros en nuestros esfuerzos por contar la historia de la resistencia de la gente en Ucrania, ayudar a la gente de todo el mundo a entender lo que est\u00e1 sucediendo y no dejar que la propaganda escriba la historia.<\/strong><\/p>\n\n\n\n<p><a href=\"mailto:livingthewar@gmail.com\">Soporte<\/a><\/p>\n\n\n\n<div style=\"height:80px\" aria-hidden=\"true\" class=\"wp-block-spacer\"><\/div>\n\n\n\n<h2 class=\"wp-block-heading size-full\">Hojee los libros<\/h2>\n\n\n\n<div style=\"height:30px\" aria-hidden=\"true\" class=\"wp-block-spacer\"><\/div>\n\n\n\n<div class=\"wp-block-columns read-more-books is-layout-flex wp-container-core-columns-is-layout-9d6595d7 wp-block-columns-is-layout-flex\">\n<div class=\"wp-block-column is-layout-flow wp-block-column-is-layout-flow\">\n<figure class=\"wp-block-image size-full\"><a href=\"https:\/\/livingthewar.media\/book\/living-the-war-volume-one-kyiv-during-the-russian-war-against-ukraine\/\"><img loading=\"lazy\" decoding=\"async\" width=\"590\" height=\"392\" src=\"https:\/\/livingthewar.media\/wp-content\/uploads\/2024\/12\/Screenshot-2024-08-26-at-12.29.35-2.png\" alt=\"\" class=\"wp-image-1288\" srcset=\"https:\/\/livingthewar.media\/wp-content\/uploads\/2024\/12\/Screenshot-2024-08-26-at-12.29.35-2.png 590w, https:\/\/livingthewar.media\/wp-content\/uploads\/2024\/12\/Screenshot-2024-08-26-at-12.29.35-2-300x199.png 300w\" sizes=\"auto, (max-width: 590px) 100vw, 590px\" \/><\/a><\/figure>\n\n\n\n<h3 class=\"wp-block-heading\"><a href=\"https:\/\/livingthewar.media\/book\/living-the-war-volume-one-kyiv-during-the-russian-war-against-ukraine\/\">Volume one. Kyiv during the Russian war against Ukraine<\/a><\/h3>\n<\/div>\n\n\n\n<div class=\"wp-block-column is-layout-flow wp-block-column-is-layout-flow\">\n<figure class=\"wp-block-image size-full\"><a href=\"https:\/\/livingthewar.media\/book\/living-the-war-volume-two-children-during-the-russian-war-against-ukraine\/\"><img loading=\"lazy\" decoding=\"async\" width=\"590\" height=\"392\" src=\"https:\/\/livingthewar.media\/wp-content\/uploads\/2024\/12\/Screenshot-2024-08-26-at-12.29.35-3.png\" alt=\"\" class=\"wp-image-1290\" srcset=\"https:\/\/livingthewar.media\/wp-content\/uploads\/2024\/12\/Screenshot-2024-08-26-at-12.29.35-3.png 590w, https:\/\/livingthewar.media\/wp-content\/uploads\/2024\/12\/Screenshot-2024-08-26-at-12.29.35-3-300x199.png 300w\" sizes=\"auto, (max-width: 590px) 100vw, 590px\" \/><\/a><\/figure>\n\n\n\n<h3 class=\"wp-block-heading\"><a href=\"https:\/\/livingthewar.media\/book\/living-the-war-volume-two-children-during-the-russian-war-against-ukraine\/\">Volume two. Children during the Russian war against Ukraine<\/a><\/h3>\n<\/div>\n\n\n\n<div class=\"wp-block-column is-layout-flow wp-block-column-is-layout-flow\">\n<figure class=\"wp-block-image size-full\"><a href=\"https:\/\/livingthewar.media\/book\/living-the-war-volume-three-under-occupation-during-the-russian-war-against-ukraine\/\"><img loading=\"lazy\" decoding=\"async\" width=\"590\" height=\"392\" src=\"https:\/\/livingthewar.media\/wp-content\/uploads\/2024\/12\/Screenshot-2024-08-26-at-12.29.35-4.png\" alt=\"\" class=\"wp-image-1292\" srcset=\"https:\/\/livingthewar.media\/wp-content\/uploads\/2024\/12\/Screenshot-2024-08-26-at-12.29.35-4.png 590w, https:\/\/livingthewar.media\/wp-content\/uploads\/2024\/12\/Screenshot-2024-08-26-at-12.29.35-4-300x199.png 300w\" sizes=\"auto, (max-width: 590px) 100vw, 590px\" \/><\/a><\/figure>\n\n\n\n<h3 class=\"wp-block-heading\"><a href=\"https:\/\/livingthewar.media\/book\/living-the-war-volume-three-under-occupation-during-the-russian-war-against-ukraine\/\">Volume three. Under Occupation during the Russian War against Ukraine<\/a><\/h3>\n<\/div>\n\n\n\n<div class=\"wp-block-column is-layout-flow wp-block-column-is-layout-flow\">\n<figure class=\"wp-block-image size-full\"><a href=\"https:\/\/livingthewar.media\/es\/book\/living-the-war-volume-one-kyiv-during-the-russian-war-against-ukraine\/\"><img loading=\"lazy\" decoding=\"async\" width=\"590\" height=\"392\" src=\"https:\/\/livingthewar.media\/wp-content\/uploads\/2024\/12\/Group-348-2.png\" alt=\"\" class=\"wp-image-1298\" srcset=\"https:\/\/livingthewar.media\/wp-content\/uploads\/2024\/12\/Group-348-2.png 590w, https:\/\/livingthewar.media\/wp-content\/uploads\/2024\/12\/Group-348-2-300x199.png 300w\" sizes=\"auto, (max-width: 590px) 100vw, 590px\" \/><\/a><\/figure>\n\n\n\n<h3 class=\"wp-block-heading\"><a href=\"https:\/\/livingthewar.media\/es\/book\/living-the-war-volume-one-kyiv-during-the-russian-war-against-ukraine\/\">Volume uno. Kyiv durante la guerra rusa contra Ucrania<\/a><\/h3>\n<\/div>\n<\/div>\n","protected":false},"excerpt":{"rendered":"<p>Apoye a la comunidad de fot\u00f3grafos, periodistas, editores y dise\u00f1adores que contin\u00faan su trabajo en Ucrania durante la brutal guerra rusa VIVIENDO LA GUERRA es un proyecto documental sin \u00e1nimo de lucro fundado en Kiev tras el comienzo de la invasi\u00f3n rusa a gran escala. Nuestro objetivo es documentar la experiencia humana de la guerra. [&hellip;]<\/p>\n","protected":false},"author":1,"featured_media":0,"parent":0,"menu_order":3,"comment_status":"closed","ping_status":"closed","template":"","meta":{"_acf_changed":false,"footnotes":""},"class_list":["post-1510","page","type-page","status-publish","hentry"],"acf":[],"_links":{"self":[{"href":"https:\/\/livingthewar.media\/es\/wp-json\/wp\/v2\/pages\/1510","targetHints":{"allow":["GET"]}}],"collection":[{"href":"https:\/\/livingthewar.media\/es\/wp-json\/wp\/v2\/pages"}],"about":[{"href":"https:\/\/livingthewar.media\/es\/wp-json\/wp\/v2\/types\/page"}],"author":[{"embeddable":true,"href":"https:\/\/livingthewar.media\/es\/wp-json\/wp\/v2\/users\/1"}],"replies":[{"embeddable":true,"href":"https:\/\/livingthewar.media\/es\/wp-json\/wp\/v2\/comments?post=1510"}],"version-history":[{"count":2,"href":"https:\/\/livingthewar.media\/es\/wp-json\/wp\/v2\/pages\/1510\/revisions"}],"predecessor-version":[{"id":1696,"href":"https:\/\/livingthewar.media\/es\/wp-json\/wp\/v2\/pages\/1510\/revisions\/1696"}],"wp:attachment":[{"href":"https:\/\/livingthewar.media\/es\/wp-json\/wp\/v2\/media?parent=1510"}],"curies":[{"name":"wp","href":"https:\/\/api.w.org\/{rel}","templated":true}]}}

<h2 class="wp-block-heading">Apoye a la comunidad de fotógrafos, periodistas, editores y diseñadores que continúan su trabajo en Ucrania durante la brutal guerra rusa</h2>



<p>VIVIENDO LA GUERRA es un proyecto documental sin ánimo de lucro fundado en Kiev tras el comienzo de la invasión rusa a gran escala. Nuestro objetivo es documentar la experiencia humana de la guerra.</p>



<p><a href="mailto:livingthewar@gmail.com">Soporte</a></p>



<h2 class="wp-block-heading">Apoyar el trabajo sobre el próximo volumen</h2>



<p><strong>Hágase mecenas del proyecto con una donación de 500 euros. </strong>Tu aportación nos ayudará a completar el trabajo del cuarto volumen dedicado a los civiles que se unieron a las fuerzas de defensa tras el inicio de la agresión militar rusa a gran escala.</p>



<p>Como mecenas del proyecto, recibirá los libros y los agradecimientos:</p>



<ul class="wp-block-list">
<li>Su nombre figurará en el 4º volumen.</li>



<li>Será uno de los primeros en recibir 5 ejemplares del 4º volumen.</li>



<li>Recibirá ejemplares de los tres primeros volúmenes firmados por los autores.</li>
</ul>



<div style="height:80px" aria-hidden="true" class="wp-block-spacer"></div>



<figure class="wp-block-image size-full"><img loading="lazy" decoding="async" width="2440" height="1326" src="https://livingthewar.media/wp-content/uploads/2024/12/books-1.png" alt="" class="wp-image-1284" srcset="https://livingthewar.media/wp-content/uploads/2024/12/books-1.png 2440w, https://livingthewar.media/wp-content/uploads/2024/12/books-1-300x163.png 300w, https://livingthewar.media/wp-content/uploads/2024/12/books-1-1024x556.png 1024w, https://livingthewar.media/wp-content/uploads/2024/12/books-1-768x417.png 768w, https://livingthewar.media/wp-content/uploads/2024/12/books-1-1536x835.png 1536w, https://livingthewar.media/wp-content/uploads/2024/12/books-1-2048x1113.png 2048w" sizes="auto, (max-width: 2440px) 100vw, 2440px" /></figure>



<p>“This superbly produced book is a living testament to the wartime experience of the Ukrainian people, now into the third year of defending their homeland. Newspaper, TV and online reports tell only so much, this book brings the human experience alive in the most powerful and memorable way. A brilliant achievement and hugely recommended.” — Stephen Fry, british actor and writer about the third volume.</p>



<p class="condensed"><strong>Esta guerra tiene mucho que ver con la historia y con la mente de las personas. Únete a nosotros en nuestros esfuerzos por contar la historia de la resistencia de la gente en Ucrania, ayudar a la gente de todo el mundo a entender lo que está sucediendo y no dejar que la propaganda escriba la historia.</strong></p>



<p><a href="mailto:livingthewar@gmail.com">Soporte</a></p>



<div style="height:80px" aria-hidden="true" class="wp-block-spacer"></div>



<h2 class="wp-block-heading size-full">Hojee los libros</h2>



<div style="height:30px" aria-hidden="true" class="wp-block-spacer"></div>



<div class="wp-block-columns read-more-books is-layout-flex wp-container-core-columns-is-layout-9d6595d7 wp-block-columns-is-layout-flex">
<div class="wp-block-column is-layout-flow wp-block-column-is-layout-flow">
<figure class="wp-block-image size-full"><a href="https://livingthewar.media/book/living-the-war-volume-one-kyiv-during-the-russian-war-against-ukraine/"><img loading="lazy" decoding="async" width="590" height="392" src="https://livingthewar.media/wp-content/uploads/2024/12/Screenshot-2024-08-26-at-12.29.35-2.png" alt="" class="wp-image-1288" srcset="https://livingthewar.media/wp-content/uploads/2024/12/Screenshot-2024-08-26-at-12.29.35-2.png 590w, https://livingthewar.media/wp-content/uploads/2024/12/Screenshot-2024-08-26-at-12.29.35-2-300x199.png 300w" sizes="auto, (max-width: 590px) 100vw, 590px" /></a></figure>



<h3 class="wp-block-heading"><a href="https://livingthewar.media/book/living-the-war-volume-one-kyiv-during-the-russian-war-against-ukraine/">Volume one. Kyiv during the Russian war against Ukraine</a></h3>
</div>



<div class="wp-block-column is-layout-flow wp-block-column-is-layout-flow">
<figure class="wp-block-image size-full"><a href="https://livingthewar.media/book/living-the-war-volume-two-children-during-the-russian-war-against-ukraine/"><img loading="lazy" decoding="async" width="590" height="392" src="https://livingthewar.media/wp-content/uploads/2024/12/Screenshot-2024-08-26-at-12.29.35-3.png" alt="" class="wp-image-1290" srcset="https://livingthewar.media/wp-content/uploads/2024/12/Screenshot-2024-08-26-at-12.29.35-3.png 590w, https://livingthewar.media/wp-content/uploads/2024/12/Screenshot-2024-08-26-at-12.29.35-3-300x199.png 300w" sizes="auto, (max-width: 590px) 100vw, 590px" /></a></figure>



<h3 class="wp-block-heading"><a href="https://livingthewar.media/book/living-the-war-volume-two-children-during-the-russian-war-against-ukraine/">Volume two. Children during the Russian war against Ukraine</a></h3>
</div>



<div class="wp-block-column is-layout-flow wp-block-column-is-layout-flow">
<figure class="wp-block-image size-full"><a href="https://livingthewar.media/book/living-the-war-volume-three-under-occupation-during-the-russian-war-against-ukraine/"><img loading="lazy" decoding="async" width="590" height="392" src="https://livingthewar.media/wp-content/uploads/2024/12/Screenshot-2024-08-26-at-12.29.35-4.png" alt="" class="wp-image-1292" srcset="https://livingthewar.media/wp-content/uploads/2024/12/Screenshot-2024-08-26-at-12.29.35-4.png 590w, https://livingthewar.media/wp-content/uploads/2024/12/Screenshot-2024-08-26-at-12.29.35-4-300x199.png 300w" sizes="auto, (max-width: 590px) 100vw, 590px" /></a></figure>



<h3 class="wp-block-heading"><a href="https://livingthewar.media/book/living-the-war-volume-three-under-occupation-during-the-russian-war-against-ukraine/">Volume three. Under Occupation during the Russian War against Ukraine</a></h3>
</div>



<div class="wp-block-column is-layout-flow wp-block-column-is-layout-flow">
<figure class="wp-block-image size-full"><a href="https://livingthewar.media/es/book/living-the-war-volume-one-kyiv-during-the-russian-war-against-ukraine/"><img loading="lazy" decoding="async" width="590" height="392" src="https://livingthewar.media/wp-content/uploads/2024/12/Group-348-2.png" alt="" class="wp-image-1298" srcset="https://livingthewar.media/wp-content/uploads/2024/12/Group-348-2.png 590w, https://livingthewar.media/wp-content/uploads/2024/12/Group-348-2-300x199.png 300w" sizes="auto, (max-width: 590px) 100vw, 590px" /></a></figure>



<h3 class="wp-block-heading"><a href="https://livingthewar.media/es/book/living-the-war-volume-one-kyiv-during-the-russian-war-against-ukraine/">Volume uno. Kyiv durante la guerra rusa contra Ucrania</a></h3>
</div>
</div>

<p>Apoye a la comunidad de fotógrafos, periodistas, editores y diseñadores que continúan su trabajo en Ucrania durante la brutal guerra rusa VIVIENDO LA GUERRA es un proyecto documental sin ánimo de lucro fundado en Kiev tras el comienzo de la invasión rusa a gran escala. Nuestro objetivo es documentar la experiencia humana de la guerra. [&hellip;]</p>
